{"id":3417,"date":"2019-01-19T11:52:33","date_gmt":"2019-01-19T10:52:33","guid":{"rendered":"http:\/\/www.mbnp.archidiecezja.wroc.pl\/?page_id=3417"},"modified":"2024-01-02T19:39:40","modified_gmt":"2024-01-02T18:39:40","slug":"zdjecia-2019","status":"publish","type":"page","link":"http:\/\/www.mbnp.archidiecezja.wroc.pl\/?page_id=3417","title":{"rendered":"Zdj\u0119cia 2019"},"content":{"rendered":"<div class=\"su-accordion su-u-trim\"><\/div>\n<div class=\"su-spoiler su-spoiler-style-default su-spoiler-icon-plus su-spoiler-closed\" data-scroll-offset=\"0\" data-anchor-in-url=\"no\"><div class=\"su-spoiler-title\" tabindex=\"0\" role=\"button\"><span class=\"su-spoiler-icon\"><\/span>Rekolekcje LSO - 08-10.III.2019 Z\u0105bkowice \u015al\u0105skie<\/div><div class=\"su-spoiler-content su-u-clearfix su-u-trim\"><!-- publicalbum.org embed player -->\n<div class=\"pa-embed-player\" style=\"display:none;width:100%;height:480px;\" data-title=\"Rekolekcje LSO - 08-10.III.2019 Z\u0105bkowice \u015al\u0105skie\"><img data-src=\"https:\/\/lh3.googleusercontent.com\/pw\/ABLVV84Pir_fgW7DBOY_C2oCa8dVMSRekzmPgZGO8q9cJ9XWhhNsoq6DeFjB2wyEZMCsmw0iCBT0ZAKq0URUsTjYe2obUtQbGQJzCcE2lBE2uzQlOvE9LoI=w1920-h1080\" src=\"\" alt=\"\" \/><img data-src=\"https:\/\/lh3.googleusercontent.com\/pw\/ABLVV85728L_RY5UGlb8egqPogfavnGVuyABylimJJOWbXbFRKmZB6W-A217nAS9QahJqDSuW3qZAJR6LohrrJUXZ6TBO0fp2aOAl0eLU1S0euPkPD9oZDA=w1920-h1080\" src=\"\" alt=\"\" \/><img data-src=\"https:\/\/lh3.googleusercontent.com\/pw\/ABLVV857mvv-mHPdt5tkY6xoQcRkmpBfX6D-G72zM0qNtc89vtmYrvORWMddkR-yxgoDRBUD24qC6gKAugEUzVjQLqnmMHl3M3NhRrBWQWNEAjbnL0nZ4Fo=w1920-h1080\" src=\"\" alt=\"\" \/><img data-src=\"https:\/\/lh3.googleusercontent.com\/pw\/ABLVV86egBkLr2kqU-XHxbVNgL-MQK6rdMC1CCOH5QUh_1cPcI3YvBW15w4hPPxvNksdDm-8lA6WSihcv1E4neOgiYohQKvrEVhnxvdZ0SqsIEaugWuMftM=w1920-h1080\" src=\"\" alt=\"\" \/><img data-src=\"https:\/\/lh3.googleusercontent.com\/pw\/ABLVV85WYwZXlqF575cGZSUakP95u-BYYqJsxMwcZ-Gkb4wdBG067kaLE3kwx-JbVG8S0IigbyIWTRVRGa3LVImmX2eI2LXrOIYYmXz70aH9zOfdEzQH88M=w1920-h1080\" src=\"\" alt=\"\" \/><img data-src=\"https:\/\/lh3.googleusercontent.com\/pw\/ABLVV862axLSvOGTkO9y5uc1dkHasm0uCqLxuF_QxqW4t2FpTKcNmv8tyhZT3de1dgxtWi3vRRqEuih5xUOnrf3MJW545GkTOxv9PFLzLsFb4b-Vt2PxD04=w1920-h1080\" src=\"\" alt=\"\" \/><img data-src=\"https:\/\/lh3.googleusercontent.com\/pw\/ABLVV86SQTulOcyUiFDHOWO7ylt_44e2dgF53JCvUuzLY4xfrHyRb0ViVNaOTzHG1kBiHeryc2tVSf9fPW7ijQZnL9oUZS17GkNBMwQBp2svXFo1HHCtxYk=w1920-h1080\" src=\"\" alt=\"\" \/><img data-src=\"https:\/\/lh3.googleusercontent.com\/pw\/ABLVV86L74g2-sGTwrqjHlXGHyMh6gT5dUHoEsZzP7l53s--DMyQGkArSGbK1j0xi_rVrhpAw_m1dLsUBPw7OQ-U_muuODneJK-D_a8msG0ireQydDzsZ-E=w1920-h1080\" src=\"\" alt=\"\" \/><img data-src=\"https:\/\/lh3.googleusercontent.com\/pw\/ABLVV87n1Iu_nne22MFRmXga5P8SEj_zWukUcpcC9Gdf_yBoV0sCoKFYetqMBqT8_WHOpijTQzAA-N_Vo0XoQ7nV-FqNtUTz8iF8PHBc4-bSgXX7zGNWwUE=w1920-h1080\" src=\"\" alt=\"\" \/><\/div>\n<\/div><\/div>\n<div class=\"su-spoiler su-spoiler-style-default su-spoiler-icon-plus su-spoiler-closed\" data-scroll-offset=\"0\" data-anchor-in-url=\"no\"><div class=\"su-spoiler-title\" tabindex=\"0\" role=\"button\"><span class=\"su-spoiler-icon\"><\/span>Koncert zespo\u0142u Spirituals Singers Band<\/div><div class=\"su-spoiler-content su-u-clearfix su-u-trim\"><!-- publicalbum.org embed player -->\n<div class=\"pa-embed-player\" style=\"display:none;width:100%;height:480px;\" data-title=\"(2019) Koncert zespo\u0142u Spirituals Singers Band\"><img data-src=\"https:\/\/lh3.googleusercontent.com\/pw\/ABLVV86zKen_xcsRHJSrdlEbAh7_mzWj-0cpquMk4pdOXRROUrgQIcYTXafobxDsR4iok7IsIDP-DuGT9qsnbO54HTEebjVuyVxOFxyv17dmO480yn9YrsE=w1920-h1080\" src=\"\" alt=\"\" \/><img data-src=\"https:\/\/lh3.googleusercontent.com\/pw\/ABLVV86T_DImLxm5OqshBbh2_pkC5CRw_XGVS4wAUV-fsuUtmDMalrIcSCnwaFUh550Vw6F5yNetSkTNNdoROxXhqJJ5LMQv1Mq_E57t0P8soLYpHejAldU=w1920-h1080\" src=\"\" alt=\"\" \/><img data-src=\"https:\/\/lh3.googleusercontent.com\/pw\/ABLVV85ErzUNDDBscd6PNd82Sz4LHVoBFl6xW3uCpXsBog2xJ8mLbPOjaqE-2k9lJrDSUFP9_C3YfnblMKzZKKIsviC-vc9copcEn6abItyZKtjKCyZg0QI=w1920-h1080\" src=\"\" alt=\"\" \/><img data-src=\"https:\/\/lh3.googleusercontent.com\/pw\/ABLVV85iif9oHm9KhLb93dGSF50UXn7RVosKU9GGJyIxCNp63g8JhhjYqbkWcyiCAyIxsX2G6x_tiaQxQ22zcmVogKQGJB-B-WX6twbxKweeSpSAIGpzpkY=w1920-h1080\" src=\"\" alt=\"\" \/><img data-src=\"https:\/\/lh3.googleusercontent.com\/pw\/ABLVV87mjDgo4JljqaXsMmOUlOyaaoR0QDaniK83WZ787mDxt4fuKIY493v54mI6gn_VCE5b_nbIpBoIUEPTS8z0vUnqNOn7GskxEQ-Uss0j2p1VJ7cFS1s=w1920-h1080\" src=\"\" alt=\"\" \/><img data-src=\"https:\/\/lh3.googleusercontent.com\/pw\/ABLVV86EvzkeHMoMSbI6KzAHQ24852CyeCn6XZ1CMnLvy3OeZoydT7WM0-irUzlVt0FcUSl7UOd1mCSIA6xpfrx1sunsYAD5Cnd4QKr_jZspsPvFVhqCZAA=w1920-h1080\" src=\"\" alt=\"\" \/><img data-src=\"https:\/\/lh3.googleusercontent.com\/pw\/ABLVV86zJKME1-WKntHUXRogy09ilYglReh4NJRXWSKBOeI95kHajkGnheyejtgsTW6mlYMt87jyB_79ZqCfsT5UGVXQ82pSmuUK3bIhLrh7zvq2hAQTeWI=w1920-h1080\" src=\"\" alt=\"\" \/><img data-src=\"https:\/\/lh3.googleusercontent.com\/pw\/ABLVV87c3-EzFMwsejWTGfUQ9aacvTWD9oWoBhqFo4FYavlMlXN3F7FstbFI_WlYN1wqDKA3SZKAUBdAUVusY8E5kRTeEInWfSEX6tiyFnI-0MvZ7A1aKbw=w1920-h1080\" src=\"\" alt=\"\" \/><img data-src=\"https:\/\/lh3.googleusercontent.com\/pw\/ABLVV84GNzOxATY5QC-D_c5L5tN5Js_TgOGS4D8XAi015bf1U0UjqfjIRRGPWNXtvcPFOhP40s9aOGzzzQQJ-o2PzNUsu6ImV7_Dbdg585GRqWFus3PfJ-M=w1920-h1080\" src=\"\" alt=\"\" \/><img data-src=\"https:\/\/lh3.googleusercontent.com\/pw\/ABLVV84Lh5_Nrd648y43dZd3waHGIyUf4cP3LloEUZrQhVSltxTnS9cx2sQS_a8ux8cG-WoJit9UKvf7J52RR5gNqHZ-9KkN_D_W52GnkeS6SKW3Y68wHiM=w1920-h1080\" src=\"\" alt=\"\" \/><img data-src=\"https:\/\/lh3.googleusercontent.com\/pw\/ABLVV851wd7k0jvPJ5iBDUnXlMRmcCHU8XJiBuBwBNG_eVvRkWh35Uoz40Q8Pf0Fm5bPXiul6Pp_96rlhguKbQ1v0tzRDey62RyU5abCgLsxJ1Vd_KS6o4c=w1920-h1080\" src=\"\" alt=\"\" \/><img data-src=\"https:\/\/lh3.googleusercontent.com\/pw\/ABLVV87vhcb9FM9K4W6WK7wWGWuLw-Zko4YPXA-CKkrGUTL8lEIjpMSnZRUtkgTIwAcdRcKFhkAQq7a8vSHe3igABcJsPZFG6ZNeGG3tKwLiaTxPwb5lV6k=w1920-h1080\" src=\"\" alt=\"\" \/><img data-src=\"https:\/\/lh3.googleusercontent.com\/pw\/ABLVV8514DMuSFLjUYwt0lP6_vImOT4-p9DtH-OyEmpEM7Qr1ns3WfM9Z5ZOYLKDNRmoUynaow715MKTPl0oTAl492J7Ll0-H4tF2Dvn0GyKRtxf1AHXJd0=w1920-h1080\" src=\"\" alt=\"\" \/><img data-src=\"https:\/\/lh3.googleusercontent.com\/pw\/ABLVV84d6Lpjz7R0kdv_b-y-YcAPf9bV7fd6yx_GpwOARBF-xcPZ41NuLI10VLE1xA0r0-hjCgNgfGE6A-myCuUIslSlH9z34Q7DDG2KG7tDHIVLenwco2Q=w1920-h1080\" src=\"\" alt=\"\" \/><img data-src=\"https:\/\/lh3.googleusercontent.com\/pw\/ABLVV841hVidbiEwEcYBGD2zLjhqZCWtANpm9o6K_hJo68WUT-RBx-VEW-uARxqDRYUs0hHv_ZkV-VGzqBP4digJ7lDtBIOb_ZsR-Tf5J88zdvkUnJbaLNQ=w1920-h1080\" src=\"\" alt=\"\" \/><img data-src=\"https:\/\/lh3.googleusercontent.com\/pw\/ABLVV87nt5WX9VpRNz0FP6XktQlnTCTJKKGwAPomOw4fa_8Cv5yaj6_ok0qfssVHRmPqm51EgqWVloc__22o4lo-vqRwqL0IBUgXxRVLyOueMfal0gneeA8=w1920-h1080\" src=\"\" alt=\"\" \/><img data-src=\"https:\/\/lh3.googleusercontent.com\/pw\/ABLVV85CFq9gxEbx6bRynVO-mGgmbxXvcziatKFWO5kKnbSSLCxAOrQp32J9rTW57PU1FCFkdPWY8VcdWViQ6S10FqJOF1z9udsxvsW2Swvx43xcFaw6LwY=w1920-h1080\" src=\"\" alt=\"\" \/><img data-src=\"https:\/\/lh3.googleusercontent.com\/pw\/ABLVV87SPcCbRIYZp37DHe2twyKqd1DI0tTxwJqpS66bTBTXW-OsYQeOFTst31dg2LpC5CIo74Q0r_jaW-zX5BY7ge8muXGeKYX7J9cWfxnlCzP2vDcKFGk=w1920-h1080\" src=\"\" alt=\"\" \/><img data-src=\"https:\/\/lh3.googleusercontent.com\/pw\/ABLVV84w9GDS3b3lu6RAJPLPa8nfIIIGCQp1KG8ddeLhOZ-KX4WxiMh18nXDplfeV1I21nxUDXrNZIk9z5QRlyYqVHtqG3x2CAChnvGZ2BSmq53wZwOlXqI=w1920-h1080\" src=\"\" alt=\"\" \/><img data-src=\"https:\/\/lh3.googleusercontent.com\/pw\/ABLVV85b4HD7uXHbKHwrgz00R8irzbgnVHOBt_5Q85zMDba7crldENQAnDqn0jOjnzIjuaL4tBEbKN7GIxkUTpA6wNiZryTQQfkWVCQujmImy6yFbCsrWAE=w1920-h1080\" src=\"\" alt=\"\" \/><img data-src=\"https:\/\/lh3.googleusercontent.com\/pw\/ABLVV86tfncJ9uFa-JsCTfKghgtAmKZd07D2CUN_0eq6jrBdvNqUCehIsTiTDpQQ3r_jM9pvMorHKSIWB8qGFKWlFRKyH53l3Wi9SaWbSmozuYZpO6x3FwU=w1920-h1080\" src=\"\" alt=\"\" \/><img data-src=\"https:\/\/lh3.googleusercontent.com\/pw\/ABLVV858nNZE3bqpeWCspEQSRhr9zMnhWaEe_n07knMOXQkfkxgeQDsUY7KSOwgVgUFuvtXVYPBEHZ2anS3s8oW_imo51UOfVNTiN3wKU-hE3GHBu36x0xE=w1920-h1080\" src=\"\" alt=\"\" \/><img data-src=\"https:\/\/lh3.googleusercontent.com\/pw\/ABLVV8413vC2kNoq8Zcn5I0xXAkJfxlJKm-6MHNEPlBCzpl_7V515duCb15czuXlaDn0EO6tbetES0tSjqTDriROsAWEsmonQf4Wh6eOafK1fEW0TD-OHzM=w1920-h1080\" src=\"\" alt=\"\" \/><\/div>\n<\/div><\/div>\n<div class=\"su-spoiler su-spoiler-style-default su-spoiler-icon-plus su-spoiler-closed\" data-scroll-offset=\"0\" data-anchor-in-url=\"no\"><div class=\"su-spoiler-title\" tabindex=\"0\" role=\"button\"><span class=\"su-spoiler-icon\"><\/span>Spotkanie op\u0142atkowe Akcji Katolickiej<\/div><div class=\"su-spoiler-content su-u-clearfix su-u-trim\"><!-- publicalbum.org embed player -->\n<div class=\"pa-embed-player\" style=\"display:none;width:100%;height:480px;\" data-title=\"(2019) Spotkanie op\u0142atkowe \"><img data-src=\"https:\/\/lh3.googleusercontent.com\/pw\/ABLVV84m-dEVWhvhlFG8DrMHMcs8pNrekZPcBGIDP8z7IbWlKd_cMnAHrKmJkWuj1V4Em752YUuVLBwieSvmhcygDSLY0XSrs11eHt0kd9JVKn18CwOQow8=w1920-h1080\" src=\"\" alt=\"\" \/><img data-src=\"https:\/\/lh3.googleusercontent.com\/pw\/ABLVV84dwWVYJHZhtKr_UFAccpCVtUw5PRt2-5bBplYbxYXj61kLVuD2gNToBgR_6v5TmCj7dxHHD0S4Idu69GTZo9W0T9qIC-jdtwtRUj113LuejFyTovc=w1920-h1080\" src=\"\" alt=\"\" \/><img data-src=\"https:\/\/lh3.googleusercontent.com\/pw\/ABLVV86lluKbPI8lIsdUiB7NxUjDV9Lw-Y3uGQudGWA5pxc7WJ9tnin7iL9IC9nyFR07ddI5SSJuf624gkJByjEaYBcOMvM0z1nErz8kMJNmSDFRXO2cRLE=w1920-h1080\" src=\"\" alt=\"\" \/><img data-src=\"https:\/\/lh3.googleusercontent.com\/pw\/ABLVV85j-s_4mai_7JpuTC2YfqLBmH3Aj_v7qtn35GJB2uXgtIFNjWGBDx0wNtFPB0ot2muhAOr1sv86zui4c60PN5AT_f5P4_yWiv9s-aLa3B9mQv1tXhk=w1920-h1080\" src=\"\" alt=\"\" \/><img data-src=\"https:\/\/lh3.googleusercontent.com\/pw\/ABLVV87wRT3WRmAiY26TD0WBU5kmiyynS-3sfabdGQCH-0cBx8WHs1oduC2ykwvab8XZIzn8KyuTAAeL_d4_Ae6tA2s7whqh-MX9TLoaOFplCBzq82ny9Kw=w1920-h1080\" src=\"\" alt=\"\" \/><img data-src=\"https:\/\/lh3.googleusercontent.com\/pw\/ABLVV858zvA5f2rTBVvgOqHbltFeSLEBgq1Ef6osXzgpmDeiLz-BRvpBQ72OlPR_2d84Xxr7Q4SMIzpMZmePyH0bbFC92kIlUppzXh-lI-pHYg-zBAJ2h2U=w1920-h1080\" src=\"\" alt=\"\" \/><img data-src=\"https:\/\/lh3.googleusercontent.com\/pw\/ABLVV86O6J2dDWk4xEjQpiynAC5TOk4lsVxO_1PiDKzF7n-nicastyL0F-mf5dnToPpGRdvk287k5t1td0XxX51DGo_IcF0__y-WkbqUZkPHmHupf7KthyU=w1920-h1080\" src=\"\" alt=\"\" \/><img data-src=\"https:\/\/lh3.googleusercontent.com\/pw\/ABLVV87nytP-wOZ7dtvHvZBMeewaqW7ClHvDVLP2zYf_zipuUqiI69n_rIB2MCeGrlcgwqN1l0a0IFzxYaWRH4VzNflqP7Jm6ezRSEMim2TLTW26UosHioo=w1920-h1080\" src=\"\" alt=\"\" \/><img data-src=\"https:\/\/lh3.googleusercontent.com\/pw\/ABLVV873JMdnL1kgGPAc5HYAiz8MFrMcB2Rc55DjblUfrSbVGoKVvE45JmXg81etIFcj6iucImiGkru3kcJzy8luvFF-xm8B3CnKYIz8yyfjGDh-oDxf4mc=w1920-h1080\" src=\"\" alt=\"\" \/><img data-src=\"https:\/\/lh3.googleusercontent.com\/pw\/ABLVV85pxBCwthgwYSr_vXlEPzUj3kTS5b2YAEFXM408eP4-FTU18BGVI_ozxzUF4QC6E2Yn0pQ2q7TtqkXUekKpxThFgKmfFlqjibXh0z1VKmk6koDdC58=w1920-h1080\" src=\"\" alt=\"\" \/><img data-src=\"https:\/\/lh3.googleusercontent.com\/pw\/ABLVV84pgQbyBTkrRi-JXFEjomCKL0H-qBX2mFwmtfXai5TUits0FBjMCDEZb68Ncqlrd1de5KFzIZ8LcdJCJJBxprD9TvrmClnmG0sToq86pJJ884vaXPE=w1920-h1080\" src=\"\" alt=\"\" \/><img data-src=\"https:\/\/lh3.googleusercontent.com\/pw\/ABLVV87NWhGde3VyqdBN0HqKbsAhNTKx_WXYNm3c4w7EHzam9oKeb37LYZomy3_fhuMOLPgwRP7o6vn30OBBy_xbhHWisdAbFE8gPmaCIHoBakqtnnG-9zI=w1920-h1080\" src=\"\" alt=\"\" \/><img data-src=\"https:\/\/lh3.googleusercontent.com\/pw\/ABLVV85vjcTPw0nfK-_TY5Z-c0G4TXgfDJ8ZAahGJd5j0mjguSSN60qoUx6MyG_r8VFjuKoRwnNIpKuG8RCMy7vT9y1inOTU361i3PJdt4eiD0ps0Q0w5EM=w1920-h1080\" src=\"\" alt=\"\" \/><img data-src=\"https:\/\/lh3.googleusercontent.com\/pw\/ABLVV87-UOleuunmN9PAO95kymzqvmawsT-gcb3TzAPftxr_Yf6ZADCLw83Y5eepG-GQJAz2qQc6WMvHIHYmJLfhYyVzgeiOTUU14oPnTREmSVfm9ZNSsng=w1920-h1080\" src=\"\" alt=\"\" \/><img data-src=\"https:\/\/lh3.googleusercontent.com\/pw\/ABLVV85QmWCde7HFyZc91xKK1M_3IcFtx608MW4EnB-9L1YrbwLYqbGiyjLCn7m64lfMX9WVWOieYFnq0rwXUMy6vx77m-KaqTjqJRFZjAgVEDho-7rTJ8I=w1920-h1080\" src=\"\" alt=\"\" \/><img data-src=\"https:\/\/lh3.googleusercontent.com\/pw\/ABLVV85cvRJpMqFWU0gUYXHy4kIEhIKJg5sc-D2z8yt0z4BFhPLBEVCvKaihbsQMdm8ylVV3nB1n4ZvOlAbguxgVQlJorLOCMp_StvfSMEz5U9xUax_-aIM=w1920-h1080\" src=\"\" alt=\"\" \/><img data-src=\"https:\/\/lh3.googleusercontent.com\/pw\/ABLVV84-cH7jRI0vHfcJ3wuaLPw_oKWhx9YJeoRm3En5k3fUJgwkFUu552utWhP2Hs4fa66D2IXpvlre9TKZ_jAj4BkI-1-aG74dC6jL170ALULR0_gIzKA=w1920-h1080\" src=\"\" alt=\"\" \/><img data-src=\"https:\/\/lh3.googleusercontent.com\/pw\/ABLVV86F03HH0bgVJYl8APvvD65V5oMiVON8RU8H47rou0wJoB3Q6NQDk8C2exqfEpiHgP3U38fOFTIfl0W-oNh2dqLweIe-jZjtomrjOLTWvTfIcedyWWQ=w1920-h1080\" src=\"\" alt=\"\" \/><img data-src=\"https:\/\/lh3.googleusercontent.com\/pw\/ABLVV85SuzQ_48VFvsEcVEPkWdbXIqqvdvVfnZDmYB8QZ5_uwodQ9Xp91vE0ODUGHITOZJSWPOgi4uMQXB-gTrg3-GM7eAnFBhsXj-9e5thiPiuCTauuK40=w1920-h1080\" src=\"\" alt=\"\" \/><img data-src=\"https:\/\/lh3.googleusercontent.com\/pw\/ABLVV84cdErhpcC1e8WKlofVU5ZYh5ExdYoW2IyWqaunB_5LAZ1W2jCLI8XKiJGmaZaDY8IJJlAR9wkTOZ0PqQkTXhvlMVhMMIRTzOKcqeOfAeeALajqZ_Q=w1920-h1080\" src=\"\" alt=\"\" \/><img data-src=\"https:\/\/lh3.googleusercontent.com\/pw\/ABLVV85miAN-FYxbPvT3RYUgEzf3a7HTDBuKEsBtsRcP6Ou1o1NNQXAUY449_cJMKTc28BmCKlDaO_6orCu-1XK2MNTgiFIetViAchmpDW7blTrZTRYpyfU=w1920-h1080\" src=\"\" alt=\"\" \/><img data-src=\"https:\/\/lh3.googleusercontent.com\/pw\/ABLVV8437FjWRp2NMlR41hTWYvgJDk7_SUluJ7Pk6oR8W5aTM1fXiJBtPjQDglUwqnP5abxkVdZl1adBsE1z9dwjRX_rJ_WhypykHMIa_2sapYJb7hXo7Ic=w1920-h1080\" src=\"\" alt=\"\" \/><img data-src=\"https:\/\/lh3.googleusercontent.com\/pw\/ABLVV84ZVOvskwiYUrcgbgGGvSzifbJg2aYCwllzW6geJrbcPeUbjfFNyg9PeaLlzUS1V0hfNC30gch3Tp2F4HGU0_oGtauIQSMPy-Lfi_ugw9PUbwHAqYI=w1920-h1080\" src=\"\" alt=\"\" \/><img data-src=\"https:\/\/lh3.googleusercontent.com\/pw\/ABLVV865tAoQOtSsxNVYNHeONzr2vL2Jvm_lyb88h7h0ynnevJGXAZx1kkodBsrHNDimJILd7Nvo2ZdJVmTHIHA-xdkheoKfkg_h6hg5z9mJexX0b4m92yg=w1920-h1080\" src=\"\" alt=\"\" \/><img data-src=\"https:\/\/lh3.googleusercontent.com\/pw\/ABLVV86MCUbu8fTqngOleoXKr9NDjWBzfX-dEB4YiraCMQeCybBd5H2oZVz0k8OmHMIZ7B8cdYl0CGLmJ4vJYRwB8EgUr4vUxNwj4HDE59YTeIsQhwJ4cJs=w1920-h1080\" src=\"\" alt=\"\" \/><img data-src=\"https:\/\/lh3.googleusercontent.com\/pw\/ABLVV85DwIg4EgmSedyKWM1TkNCmP6gxhZQfE0s2K7uU2L3NHyo7zQLgNbzHkIS9fmvR6KDH6P1PhXfi2AGRE5iQEqxGNCtg2c3nV4a13WWuG_IIClJOT9w=w1920-h1080\" src=\"\" alt=\"\" \/><img data-src=\"https:\/\/lh3.googleusercontent.com\/pw\/ABLVV87-aW5--wFKqm4BA51bVqmCZ7MnZ-8qyeb7UrdieZnk2Po4STZxfQ2Yy6iRT1klp0RmHFO07s30smbjVq2ZTFnEGoY5grcrYarWEh_QWnQVYRdO8gA=w1920-h1080\" src=\"\" alt=\"\" \/><img data-src=\"https:\/\/lh3.googleusercontent.com\/pw\/ABLVV87Rhh3fN0Oc0Y-fYUlUKbB3RGP9SeRDofBTeNFf3KvEOPk8k13JBVy1Cgd4zZvbBhTCPzPMcKAoZUDV7DQ04OERvKr7E0gdrOkTtK6uVLvAF9Qy9mI=w1920-h1080\" src=\"\" alt=\"\" \/><img data-src=\"https:\/\/lh3.googleusercontent.com\/pw\/ABLVV874jZWwHU3gBDdX-TBEh80QQqibetuJNq_KxJfBMa_3od6jMJEvrINFuFtTJzm4-ZLAZykGc0c9ymnJHPmxM9PxaVtxecj5lh1pXlrRhEGLBZIZ1fM=w1920-h1080\" src=\"\" alt=\"\" \/><img data-src=\"https:\/\/lh3.googleusercontent.com\/pw\/ABLVV87F9tWxNu4ldRxdt8AHZWgyAg2PW9yOBc1Z21wFWtr3zab-wpGx_idIpcIfSnDhZMRJK9kB_ezDOQ8_QOClpw2RrJOYgMI9kuxvrlP4fADREhZdW9I=w1920-h1080\" src=\"\" alt=\"\" \/><img data-src=\"https:\/\/lh3.googleusercontent.com\/pw\/ABLVV851yhTvpqPBvo9Ix93D2v7jAJDAkyO1ssWjZzGHItDQszgWdEVu5HHQAo6gRxeyKhXDZ0BpgDQbiwv5Snn3B8PugpNUa8EDIStxQ8YbmoaH_M43L7E=w1920-h1080\" src=\"\" alt=\"\" \/><img data-src=\"https:\/\/lh3.googleusercontent.com\/pw\/ABLVV87MqlaB_SZVxMwBcHxGp_pWpEtUQPeKK2Z1BXNR_OB4KSzBvTYWUx4E8o1NmOVXJSB2FClkkcoMvRdNmn-Y91mH2-vENyCilCzmmlDHJGn6Jup1HAg=w1920-h1080\" src=\"\" alt=\"\" \/><img data-src=\"https:\/\/lh3.googleusercontent.com\/pw\/ABLVV84pMzGbDf8e0qGv9d4pQWol2TebIrE7lwbvd_cfNe9dzLNvz08mjtboT32HRjRzDkICCztetbgaSiTyuBVKohsqMLfUamVkF9gwoT46F9g_Z0xm8hw=w1920-h1080\" src=\"\" alt=\"\" \/><img data-src=\"https:\/\/lh3.googleusercontent.com\/pw\/ABLVV86W2vBn3k3v0SaZbEdADhW5CCKOP-kNTdmKo77MKGkOqS22lRs0DwyZLd2uxG4LCAdqD_Se4VtLLxf1CdqkKB9DEsiaW3uXwsAedeTctcG6irzSLWA=w1920-h1080\" src=\"\" alt=\"\" \/><img data-src=\"https:\/\/lh3.googleusercontent.com\/pw\/ABLVV87g_494-d6HoR4d8l8FRl4r7g8I6NGoBaKy-DRSWIsv3iAmJ_AVbP8eG5ck9NwiAVsY_j_6FG778y1mzotWFWfziUeryVb0uf3BvW99QV5W20peF88=w1920-h1080\" src=\"\" alt=\"\" \/><img data-src=\"https:\/\/lh3.googleusercontent.com\/pw\/ABLVV852yL83oy79ojr42SJywMxMtYd7UL86yF38_66Zgl0TgGdwCUhCvcwOe-b79riBm73cnk8ywnysMSDyA3zdwFaPTGebgcyizxW-okorMUyf8rm-HRA=w1920-h1080\" src=\"\" alt=\"\" \/><img data-src=\"https:\/\/lh3.googleusercontent.com\/pw\/ABLVV86VOUKYHDbOZkLDuOhiLW3vqSnKAAkv8JCjrNyr0Y3E22jrbO-rwNrhtZ5XLih1rrwfyBI4tbIXKupVgi0l4znYg8V2Oijhll8ZIHsPGKuBMBG45XA=w1920-h1080\" src=\"\" alt=\"\" \/><img data-src=\"https:\/\/lh3.googleusercontent.com\/pw\/ABLVV87SuJfTjeHbe5E-C43I9Nuhy0bvY_9w9AX7WW9rRgpnUGH4152Nv0pDNXtaXYEL7-G-m-NFd_gE8NJcabdXr6mwc_pCjY0_bUv6xIJvsnbCiA8K3bw=w1920-h1080\" src=\"\" alt=\"\" \/><img data-src=\"https:\/\/lh3.googleusercontent.com\/pw\/ABLVV84n6w5qlIkaLiscjg-7iix19SLojboWYgdKjpr9Jqvvfjc-xSACkSzTnQGsoU81hjFTMtCL8h57cLO1mKqt38bkO0V8YTp6pZY1zZYcLykRF_WjEBE=w1920-h1080\" src=\"\" alt=\"\" \/><img data-src=\"https:\/\/lh3.googleusercontent.com\/pw\/ABLVV87EptqvX_G2iJFhhPB7A1cTxF85FgJL6kOXCIVzIfyxXwapv0lwmaOvUxKzJsAvUWK91TMwpF8J4ojtvUjIr56XrYBlayCwtfhRZagwIvfXKAHexSk=w1920-h1080\" src=\"\" alt=\"\" \/><img data-src=\"https:\/\/lh3.googleusercontent.com\/pw\/ABLVV84ap3FiB1KHrfUFENnLCo0wbkTmeR1ACSOD6VOIlh0AVJOSaMMSBZ01l-uziZLABAjUzxdOKMmZUA7tv3AuMwXjRwLXTCRMt3b3FEDQByQ96DpMJlQ=w1920-h1080\" src=\"\" alt=\"\" \/><img data-src=\"https:\/\/lh3.googleusercontent.com\/pw\/ABLVV87l6iM56uovrayaJ3lE0pt5rx9S1Diub0COOtWzvLZxsPaztMWUCf4uoVCKtU4Dv_w4KHC7ofG5F5kfh4jQnyg7r5150W29w_-Hf4ed0XZyL8oC46U=w1920-h1080\" src=\"\" alt=\"\" \/><img data-src=\"https:\/\/lh3.googleusercontent.com\/pw\/ABLVV84y9Cq5P6aWuzN6XpMXksYoVHdjRy-2g0jOpw2f_oDuP9LNjjGdENAALWsV0Iz4QuJKthpHRuA75s9AdtNYH4JQ8MRiwNK2gM7KCFoeDo_a5I9KRU4=w1920-h1080\" src=\"\" alt=\"\" \/><img data-src=\"https:\/\/lh3.googleusercontent.com\/pw\/ABLVV86iD5Wx8NGaDiCFhSax5P6V2onS6mMpwxELquS1aXMfi5cAxUKnpYeyQdMA5Eh18myFOZP5bZ8B65qvZHTJ0AZzqb9x7y4kZ1bmcjo9P9La06bxNdg=w1920-h1080\" src=\"\" alt=\"\" \/><img data-src=\"https:\/\/lh3.googleusercontent.com\/pw\/ABLVV87N6MP0PalEMI0Joye1qKdRZlYQupYV3xZtKXenqiS2QoMjlBQnr867SKmVlR9RbhfmtdC7Z5Kydl5rouOrIBDcbzg9MiPloACRlFYSUUyAzpU6r1U=w1920-h1080\" src=\"\" alt=\"\" \/><img data-src=\"https:\/\/lh3.googleusercontent.com\/pw\/ABLVV851I4hnYp_ItlzdXIyys_4_6Gkryo2C9AQ9wWxfxD5yyKyjzwVNPPKimde43f_pvTKMhWPhk2avyxnF2VqW0UFZAjz30SdEWUkoNAo2lWRZAZmzKMk=w1920-h1080\" src=\"\" alt=\"\" \/><img data-src=\"https:\/\/lh3.googleusercontent.com\/pw\/ABLVV864XUGBZjNqIRUcZeYoq9elatFS9FU7UKvsJWb6fntXp3JSkKsX5cegMnqrCXQFKMg737BDVGGTIt2hFAGMBBS8kHmfkItHVaTOJ-5_mWSgcLpfv7w=w1920-h1080\" src=\"\" alt=\"\" \/><img data-src=\"https:\/\/lh3.googleusercontent.com\/pw\/ABLVV85_MB-1NGF8r_ecRukBzMI03HSkUaNdYouw-x24PFc0crUunQMFoYoyild1wGkh6zN5_yTvAB6-hbkIJXXd6nAxc05VBN7Xsgs9OAOZsHTUC5_nhec=w1920-h1080\" src=\"\" alt=\"\" \/><img data-src=\"https:\/\/lh3.googleusercontent.com\/pw\/ABLVV863U6pQc55V2YyE7RR9ojZpIXAI3-gdj0z5NET2g_j_qSz7XZq-uEhzk1NxFXKCOy7H1ck95ZEcSCsPI2OrwtEGZmlnj0peBDKVCe6E9qroKGzXDE0=w1920-h1080\" src=\"\" alt=\"\" \/><img data-src=\"https:\/\/lh3.googleusercontent.com\/pw\/ABLVV84De8ESpW2cjKwmt1c9Vigxg8GI3PD116rqS4ywmx7Ni8eRULFrlP0dPDLHzotphI6qQg5CxEfSp94aYxMrVQCn8rS6Uwpz6KCBb9AukAWicUEuHLw=w1920-h1080\" src=\"\" alt=\"\" \/><img data-src=\"https:\/\/lh3.googleusercontent.com\/pw\/ABLVV87gkrUdkcSWyHs87g0Q-9xaw3sI8x0Kab7-CT4i5XihfLg4ZaEuLRBpRbUW7s_7vCW0E_2xUprFobiZMazHS2Ln_3_vIpVEH4XYUS21_mHQC4GMz88=w1920-h1080\" src=\"\" alt=\"\" \/><\/div>\n<\/div><\/div>\n<div class=\"su-spoiler su-spoiler-style-default su-spoiler-icon-plus su-spoiler-closed\" data-scroll-offset=\"0\" data-anchor-in-url=\"no\"><div class=\"su-spoiler-title\" tabindex=\"0\" role=\"button\"><span class=\"su-spoiler-icon\"><\/span>Spotkanie op\u0142atkowe LSO 13.01.2019 r.<\/div><div class=\"su-spoiler-content su-u-clearfix su-u-trim\"><!-- publicalbum.org embed player -->\n<div class=\"pa-embed-player\" style=\"display:none;width:100%;height:480px;\" data-title=\"(LSO) (2019) Spotkanie op\u0142atkowe LSO 13.01.2019 r.\"><img data-src=\"https:\/\/lh3.googleusercontent.com\/pw\/ABLVV84Cswu2_AtNy-e5HDdYEk06JcFCPcMHiukwhFdQRnIYf4nJutNS0tQEK0DfaEQU_zWRU_BkuS7vuqfigKA5ZettgwKIyC0_5OeTmx9hCOfiyLO0HXk=w1920-h1080\" src=\"\" alt=\"\" \/><img data-src=\"https:\/\/lh3.googleusercontent.com\/pw\/ABLVV86gQVMrlioPUfiaF9V4WWs4xj7y0lM8xjJO3A9FiFNa-vUaqbENoThe8ql0h-bY2VVImFEX2fnOmSvVsvjzMp_53BR6qhYRJMDwfhFRh7uqYHHsjp4=w1920-h1080\" src=\"\" alt=\"\" \/><img data-src=\"https:\/\/lh3.googleusercontent.com\/pw\/ABLVV8654lXXbkTMWmzK5rQyre7WiDmXnDW3MbCBLGxKzT3QNwgoaxB_FLNEaq6S_UJcrtLdF5P32PdNBji1eerOvpMoyD2MHzPLxRdfKlPgHc-7z3DfNKU=w1920-h1080\" src=\"\" alt=\"\" \/><img data-src=\"https:\/\/lh3.googleusercontent.com\/pw\/ABLVV871bJ97W8JBjOjIBOxygSIrQvThMPtxOrA02KWw7-LbkVHCZWb0WybGY_Qqv6xQtSDiVQZSKIQvA8PzufBycfXuiV1kAINkytJWtcH5vG1xoCovkws=w1920-h1080\" src=\"\" alt=\"\" \/><img data-src=\"https:\/\/lh3.googleusercontent.com\/pw\/ABLVV84JVECdM80QomzcjMtTGf3cEjs_xGACUlr7HeCQbBI_WHVVb7XVq0g7oo5pvQ4ARDo7iS3pmQb-_0FxHcQ8xiADrWfBsM5-cNEwayH7A0keVeAsyTs=w1920-h1080\" src=\"\" alt=\"\" \/><img data-src=\"https:\/\/lh3.googleusercontent.com\/pw\/ABLVV86AlVqNSsVioJ7ifxJVNQOpGJeWunVgC5cWFbDx7J-7Or9HRyRZq-RRG2sctcEv-y4cNoU1zwtGFskduioYw9LW1tPQsrfzzBa5Ksv372ocgcUKb4I=w1920-h1080\" src=\"\" alt=\"\" \/><img data-src=\"https:\/\/lh3.googleusercontent.com\/pw\/ABLVV85z2TlZONhyuoE8lfZ-lo8NnDuEz1mzG9z3-atJiYVhuH8Ju2VuKIocuhb_LaSbZPCojZrpfag6sTUYdwKERiYbR9NlPRDgs-GT9iVKJgFQQyfvNho=w1920-h1080\" src=\"\" alt=\"\" \/><img data-src=\"https:\/\/lh3.googleusercontent.com\/pw\/ABLVV86afNxYhvQV4CqKaY6Hhbg8zgHPLCtpBuGBCr8oeh9mexW0E5fIiAGjB6DtBOo2chGnpf1yfY8FhkR3FezYUYjx-EHdkO6VtdHtN7P1cnwv_g6Oq_I=w1920-h1080\" src=\"\" alt=\"\" \/><img data-src=\"https:\/\/lh3.googleusercontent.com\/pw\/ABLVV85MYeK0Cztkk3hB8sz4Ga609n7jODHhjPoLVS-advnk-DH09a-MZL1iksVT-KtJsW1mIliehdSkZthvTkyV42lTeg0cwbdFHUutb9IS2Jjsohg-KIY=w1920-h1080\" src=\"\" alt=\"\" \/><img data-src=\"https:\/\/lh3.googleusercontent.com\/pw\/ABLVV86oz2BajPpj4P1iCm6KzZyUNx4sPEsWIZAZHmbjOvkJgoyctm-4aApZYkKIb2P3Qa4a1Ts_sWpA1TGXMIaC9Zqj7oJXf3TVzxMKG7PJo_-v8frZXLY=w1920-h1080\" src=\"\" alt=\"\" \/><\/div>\n<\/div><\/div>\n<div class=\"su-accordion su-u-trim\"><\/div>\n","protected":false},"excerpt":{"rendered":"","protected":false},"author":7,"featured_media":0,"parent":174,"menu_order":3,"comment_status":"closed","ping_status":"closed","template":"","meta":[],"_links":{"self":[{"href":"http:\/\/www.mbnp.archidiecezja.wroc.pl\/index.php?rest_route=\/wp\/v2\/pages\/3417"}],"collection":[{"href":"http:\/\/www.mbnp.archidiecezja.wroc.pl\/index.php?rest_route=\/wp\/v2\/pages"}],"about":[{"href":"http:\/\/www.mbnp.archidiecezja.wroc.pl\/index.php?rest_route=\/wp\/v2\/types\/page"}],"author":[{"embeddable":true,"href":"http:\/\/www.mbnp.archidiecezja.wroc.pl\/index.php?rest_route=\/wp\/v2\/users\/7"}],"replies":[{"embeddable":true,"href":"http:\/\/www.mbnp.archidiecezja.wroc.pl\/index.php?rest_route=%2Fwp%2Fv2%2Fcomments&post=3417"}],"version-history":[{"count":9,"href":"http:\/\/www.mbnp.archidiecezja.wroc.pl\/index.php?rest_route=\/wp\/v2\/pages\/3417\/revisions"}],"predecessor-version":[{"id":3520,"href":"http:\/\/www.mbnp.archidiecezja.wroc.pl\/index.php?rest_route=\/wp\/v2\/pages\/3417\/revisions\/3520"}],"up":[{"embeddable":true,"href":"http:\/\/www.mbnp.archidiecezja.wroc.pl\/index.php?rest_route=\/wp\/v2\/pages\/174"}],"wp:attachment":[{"href":"http:\/\/www.mbnp.archidiecezja.wroc.pl\/index.php?rest_route=%2Fwp%2Fv2%2Fmedia&parent=3417"}],"curies":[{"name":"wp","href":"https:\/\/api.w.org\/{rel}","templated":true}]}}