{"id":164,"date":"2015-11-21T17:29:22","date_gmt":"2015-11-21T16:29:22","guid":{"rendered":"http:\/\/serwer1527024.home.pl\/pub\/wordpress\/?page_id=164"},"modified":"2016-08-08T17:23:02","modified_gmt":"2016-08-08T15:23:02","slug":"malzenstwo","status":"publish","type":"page","link":"http:\/\/www.mbnp.archidiecezja.wroc.pl\/?page_id=164","title":{"rendered":"Ma\u0142\u017ce\u0144stwo"},"content":{"rendered":"<h3>I.\u00a0\u00a0 \u00a0O Ma\u0142\u017ce\u0144stwie<\/h3>\n<p style=\"text-align: right;\"><em><a href=\"http:\/\/www.mbnp.archidiecezja.wroc.pl\/wp-content\/uploads\/2015\/11\/Ma\u0142\u017ce\u0144stwo_1.jpg\" rel=\"lightbox[164]\"><img decoding=\"async\" loading=\"lazy\" class=\"alignleft wp-image-1872 size-medium\" src=\"http:\/\/www.mbnp.archidiecezja.wroc.pl\/wp-content\/uploads\/2015\/11\/Ma\u0142\u017ce\u0144stwo_1-161x300.jpg\" alt=\"Ma\u0142\u017ce\u0144stwo_1\" width=\"161\" height=\"300\" srcset=\"http:\/\/www.mbnp.archidiecezja.wroc.pl\/wp-content\/uploads\/2015\/11\/Ma\u0142\u017ce\u0144stwo_1-161x300.jpg 161w, http:\/\/www.mbnp.archidiecezja.wroc.pl\/wp-content\/uploads\/2015\/11\/Ma\u0142\u017ce\u0144stwo_1-549x1024.jpg 549w, http:\/\/www.mbnp.archidiecezja.wroc.pl\/wp-content\/uploads\/2015\/11\/Ma\u0142\u017ce\u0144stwo_1.jpg 700w\" sizes=\"(max-width: 161px) 100vw, 161px\" \/><\/a>\u201eDlatego opu\u015bci cz\u0142owiek ojca i matk\u0119 i z\u0142\u0105czy si\u0119 ze swoj\u0105 \u017con\u0105, i b\u0119d\u0105 oboje jednym cia\u0142em. A tak ju\u017c nie s\u0105 dwoje, lecz jedno cia\u0142o. Co wi\u0119c B\u00f3g z\u0142\u0105czy\u0142, niech cz\u0142owiek nie rozdziela!\u201d<\/em><br \/>\n(Mt 19, 4b-6)<\/p>\n<p style=\"text-indent: 1cm;\">Ma\u0142\u017ce\u0144stwo to przymierze, przez kt\u00f3re m\u0119\u017cczyzna i kobieta tworz\u0105 ze sob\u0105 wsp\u00f3lnot\u0119 ca\u0142ego \u017cycia, skierowan\u0105 ze swej natury na dobro ma\u0142\u017conk\u00f3w oraz na rodzenie i wychowywanie potomstwa. Zawierane mi\u0119dzy ochrzczonymi zosta\u0142o podniesione przez Chrystusa Pana do godno\u015bci sakramentu.<\/p>\n<p style=\"text-indent: 1cm;\">Sakrament ma\u0142\u017ce\u0144stwa udziela \u0142aski mi\u0142owania si\u0119 wzajemnie t\u0105 mi\u0142o\u015bci\u0105, jak\u0105 Chrystus umi\u0142owa\u0142 Ko\u015bci\u00f3\u0142. \u0141aska sakramentu udoskonala zatem ludzk\u0105 mi\u0142o\u015b\u0107 ma\u0142\u017conk\u00f3w, umacnia ich nierozerwaln\u0105 jedno\u015b\u0107 na drodze do \u017cycia wiecznego. Poniewa\u017c ma\u0142\u017ce\u0144stwo jest w Ko\u015bciele stanem publicznym, dlatego powinno by\u0107 zawierane publicznie w ramach celebracji liturgicznej i wobec zgromadzenia wiernych.<\/p>\n<p>Do istotnych cech ma\u0142\u017ce\u0144stwa nale\u017cy:<\/p>\n<ul>\n<li>jedno\u015b\u0107,<\/li>\n<li>nierozerwalno\u015b\u0107,<\/li>\n<li>otwarto\u015b\u0107 na przyj\u0119cie dzieci.<\/li>\n<\/ul>\n<p style=\"text-indent: 1cm;\">Chrze\u015bcija\u0144ski dom rodzinny jest miejscem, gdzie dzieci otrzymuj\u0105 nauczanie wiary, i dlatego s\u0142usznie nazywa si\u0119 go \u201eKo\u015bcio\u0142em domowym\u201d, wsp\u00f3lnot\u0105 \u0142aski i modlitwy, szko\u0142\u0105 cn\u00f3t ludzkich i mi\u0142o\u015bci chrze\u015bcija\u0144skiej.<\/p>\n<h3>II.\u00a0\u00a0 \u00a0Przygotowanie do Sakramentu Ma\u0142\u017ce\u0144stwa<\/h3>\n<p style=\"text-indent: 1cm;\">Narzeczeni winni zg\u0142osi\u0107 si\u0119 do kancelarii odpowiednio wcze\u015bniej przed \u015blubem, aby zarezerwowa\u0107 termin zawarcia Sakramentu Ma\u0142\u017ce\u0144stwa oraz pobra\u0107 karty uczestnictwa w kursie przedma\u0142\u017ce\u0144skim (wi\u0119cej informacji o takich kursach poni\u017cej).<\/p>\n<p style=\"text-indent: 1cm;\">Nieca\u0142e trzy miesi\u0105ce przed dat\u0105 \u015blubu narzeczeni powinni zg\u0142osi\u0107 sie do kancelarii parafialnej celem spisania protoko\u0142u przed\u015blubnego. Narzeczeni przynosz\u0105 ze sob\u0105:<\/p>\n<ul>\n<li>metryki Chrztu \u015bwi\u0119tego (pobrane w parafii chrztu; dokument jest wa\u017cny sze\u015b\u0107 miesi\u0119cy),<\/li>\n<li>dowody osobiste,<\/li>\n<li>za\u015bwiadczenie (3 egzemplarze) stwierdzaj\u0105ce brak okoliczno\u015bci wy\u0142\u0105czaj\u0105cych zawarcie ma\u0142\u017ce\u0144stwa pobrane z Urz\u0119du Stanu Cywilnego (dotyczy \u015blubu konkordatowego; dokument jest wa\u017cny trzy miesi\u0105ce),<\/li>\n<li>\u015bwiadectwa katechizacji z ostatniej uko\u0144czonej klasy,<\/li>\n<li>przypomnie\u0107 sobie dat\u0119 i parafi\u0119 Pierwszej Komunii \u015bwi\u0119tej,<\/li>\n<li>\u015bwiadectwo Bierzmowania (je\u017celi nie jest ono odnotowane na metryce Chrztu \u015bwi\u0119tego),<\/li>\n<\/ul>\n<p style=\"text-indent: 1cm;\">Po przedstawieniu powy\u017cszych dokument\u00f3w w parafii narzeczonej lub narzeczonego, spisany zostaje protok\u00f3\u0142 kanoniczny i dane osobowe do zapowiedzi. Ka\u017cde zamierzone ma\u0142\u017ce\u0144stwo nale\u017cy poda\u0107 do publicznej wiadomo\u015bci, czyli wyg\u0142osi\u0107 w\u0142a\u015bnie zapowiedzi, nie tylko z tej racji, \u017ce wierni s\u0105 w sumieniu obowi\u0105zani wyjawi\u0107 znane im przeszkody, ale tak\u017ce dlatego, \u017ce ma\u0142\u017ce\u0144stwo winno by\u0107 faktem znanym wsp\u00f3lnocie parafialnej, do kt\u00f3rej nale\u017c\u0105 narzeczeni.<\/p>\n<p style=\"text-indent: 1cm;\">Nale\u017cy bezpo\u015brednio po tym zg\u0142oszeniu odby\u0107 spowied\u017a \u015bwi\u0119t\u0105 przygotowuj\u0105c\u0105 do sakramentu ma\u0142\u017ce\u0144stwa (na pocz\u0105tku spowiedzi nale\u017cy powiedzie\u0107 i\u017c jest to pierwsza spowied\u017a przed\u015blubna):<\/p>\n<ul>\n<li>pierwszy raz na pocz\u0105tku trzymiesi\u0119cznego okresu przygotowania do \u015blubu,<\/li>\n<li>drugi raz tu\u017c przed \u015blubem.<\/li>\n<\/ul>\n<p style=\"text-indent: 1cm;\">Do spisania aktu \u015blubu potrzebne s\u0105 dane \u015bwiadk\u00f3w \u015blubu (imi\u0119 i nazwisko, wiek, wyznanie, adres zamieszkania). Godn\u0105 rzecz\u0105 jest, aby ci, kt\u00f3rzy zostali wybrani na \u015bwiadk\u00f3w, wcze\u015bniej odbyli r\u00f3wnie\u017c sakramentaln\u0105 spowied\u017a, aby w czysto\u015bci swego serca mogli towarzyszy\u0107 tym, przez kt\u00f3rych zostali wybrani.<\/p>\n<h3><strong>III.\u00a0\u00a0 \u00a0W naszej parafii<\/strong><\/h3>\n<p><a href=\"http:\/\/www.mbnp.archidiecezja.wroc.pl\/wp-content\/uploads\/2015\/11\/Ma\u0142\u017ce\u0144stwo_2.jpg\" rel=\"lightbox[164]\"><img decoding=\"async\" loading=\"lazy\" class=\"alignleft wp-image-1874 size-medium\" src=\"http:\/\/www.mbnp.archidiecezja.wroc.pl\/wp-content\/uploads\/2015\/11\/Ma\u0142\u017ce\u0144stwo_2-300x199.jpg\" alt=\"Ma\u0142\u017ce\u0144stwo_2\" width=\"300\" height=\"199\" srcset=\"http:\/\/www.mbnp.archidiecezja.wroc.pl\/wp-content\/uploads\/2015\/11\/Ma\u0142\u017ce\u0144stwo_2-300x199.jpg 300w, http:\/\/www.mbnp.archidiecezja.wroc.pl\/wp-content\/uploads\/2015\/11\/Ma\u0142\u017ce\u0144stwo_2-1024x680.jpg 1024w, http:\/\/www.mbnp.archidiecezja.wroc.pl\/wp-content\/uploads\/2015\/11\/Ma\u0142\u017ce\u0144stwo_2.jpg 1054w\" sizes=\"(max-width: 300px) 100vw, 300px\" \/><\/a>Katechezy przed\u015blubne w naszej parafii odbywaj\u0105 si\u0119 w dw\u00f3ch seriach. Pierwsza zaczyna si\u0119 <strong>w trzeci poniedzia\u0142ek lutego<\/strong>, a druga rozpoczyna si\u0119 <strong>w trzeci poniedzia\u0142ek pa\u017adziernika.<\/strong> Ka\u017cda seria obejmuje<strong> 10 cotygodniowych spotka\u0144<\/strong>, kt\u00f3re odbywaj\u0105 si\u0119 <strong>w poniedzia\u0142ki o 19.00.<\/strong> Nie jest konieczne wcze\u015bniejsze zg\u0142oszenie.<\/p>\n","protected":false},"excerpt":{"rendered":"<p>I.\u00a0\u00a0 \u00a0O Ma\u0142\u017ce\u0144stwie \u201eDlatego opu\u015bci cz\u0142owiek ojca i matk\u0119 i z\u0142\u0105czy si\u0119 ze swoj\u0105 \u017con\u0105, i b\u0119d\u0105 oboje jednym cia\u0142em. A tak ju\u017c nie s\u0105 dwoje, lecz jedno cia\u0142o. Co &#8230;<\/p>\n","protected":false},"author":7,"featured_media":0,"parent":150,"menu_order":7,"comment_status":"closed","ping_status":"closed","template":"","meta":[],"_links":{"self":[{"href":"http:\/\/www.mbnp.archidiecezja.wroc.pl\/index.php?rest_route=\/wp\/v2\/pages\/164"}],"collection":[{"href":"http:\/\/www.mbnp.archidiecezja.wroc.pl\/index.php?rest_route=\/wp\/v2\/pages"}],"about":[{"href":"http:\/\/www.mbnp.archidiecezja.wroc.pl\/index.php?rest_route=\/wp\/v2\/types\/page"}],"author":[{"embeddable":true,"href":"http:\/\/www.mbnp.archidiecezja.wroc.pl\/index.php?rest_route=\/wp\/v2\/users\/7"}],"replies":[{"embeddable":true,"href":"http:\/\/www.mbnp.archidiecezja.wroc.pl\/index.php?rest_route=%2Fwp%2Fv2%2Fcomments&post=164"}],"version-history":[{"count":9,"href":"http:\/\/www.mbnp.archidiecezja.wroc.pl\/index.php?rest_route=\/wp\/v2\/pages\/164\/revisions"}],"predecessor-version":[{"id":1875,"href":"http:\/\/www.mbnp.archidiecezja.wroc.pl\/index.php?rest_route=\/wp\/v2\/pages\/164\/revisions\/1875"}],"up":[{"embeddable":true,"href":"http:\/\/www.mbnp.archidiecezja.wroc.pl\/index.php?rest_route=\/wp\/v2\/pages\/150"}],"wp:attachment":[{"href":"http:\/\/www.mbnp.archidiecezja.wroc.pl\/index.php?rest_route=%2Fwp%2Fv2%2Fmedia&parent=164"}],"curies":[{"name":"wp","href":"https:\/\/api.w.org\/{rel}","templated":true}]}}