{"id":160,"date":"2015-11-21T17:28:05","date_gmt":"2015-11-21T16:28:05","guid":{"rendered":"http:\/\/serwer1527024.home.pl\/pub\/wordpress\/?page_id=160"},"modified":"2016-02-25T22:13:45","modified_gmt":"2016-02-25T21:13:45","slug":"namaszczenie-chorych","status":"publish","type":"page","link":"http:\/\/www.mbnp.archidiecezja.wroc.pl\/?page_id=160","title":{"rendered":"Namaszczenie chorych"},"content":{"rendered":"<h3>I.\u00a0\u00a0 \u00a0O Namaszczeniu chorych<\/h3>\n<p style=\"text-align: right;\"><em><a href=\"http:\/\/www.mbnp.archidiecezja.wroc.pl\/wp-content\/uploads\/2015\/11\/cho4.jpg\" rel=\"lightbox[160]\"><img decoding=\"async\" loading=\"lazy\" class=\"alignleft wp-image-232 size-medium\" src=\"http:\/\/www.mbnp.archidiecezja.wroc.pl\/wp-content\/uploads\/2015\/11\/cho4-300x169.jpg\" alt=\"cho4\" width=\"300\" height=\"169\" srcset=\"http:\/\/www.mbnp.archidiecezja.wroc.pl\/wp-content\/uploads\/2015\/11\/cho4-300x169.jpg 300w, http:\/\/www.mbnp.archidiecezja.wroc.pl\/wp-content\/uploads\/2015\/11\/cho4-1024x576.jpg 1024w, http:\/\/www.mbnp.archidiecezja.wroc.pl\/wp-content\/uploads\/2015\/11\/cho4.jpg 1280w\" sizes=\"(max-width: 300px) 100vw, 300px\" \/><\/a>\u201eChoruje kto\u015b w\u015br\u00f3d was? Niech sprowadzi kap\u0142an\u00f3w Ko\u015bcio\u0142a, by si\u0119 modlili nad nim i nama\u015bcili go olejem w imi\u0119 Pana. A modlitwa pe\u0142na wiary b\u0119dzie dla chorego ratunkiem i Pan go pod\u017awignie, a je\u015bliby pope\u0142ni\u0142 grzechy, b\u0119d\u0105 mu odpuszczone\u201d.<\/em><br \/>\n(Jk 5, 14-15)<\/p>\n<p style=\"text-indent: 1cm;\">Namaszczenie chorych jest to sakrament, kt\u00f3ry udziela specjalnej \u0142aski chrze\u015bcijaninowi do\u015bwiadczonemu ci\u0119\u017ck\u0105 chorob\u0105 lub staro\u015bci\u0105. Stosownym czasem na przyj\u0119cie tego sakramentu zachodzi wtedy, gdy wierny staje wobec niebezpiecze\u0144stwa \u015bmierci z powodu choroby lub staro\u015bci. Namaszczenie chorych chrze\u015bcijanin mo\u017ce przyjmowa\u0107 ile razy zostaje dotkni\u0119ty ci\u0119\u017ck\u0105 chorob\u0105; r\u00f3wnie\u017c wtedy, gdy nast\u0105pi\u0142o nasilenie choroby.<\/p>\n<p style=\"text-indent: 1cm;\">Namaszczenia chorych udzielaj\u0105 kap\u0142ani, u\u017cywaj\u0105c oleju po\u015bwi\u0119conego przez biskupa, a w razie potrzeby przez kap\u0142ana, kt\u00f3ry namaszcza chorego. Do istoty tego sakramentu nale\u017cy namaszczenie czo\u0142a i r\u0105k chorego, z towarzysz\u0105c\u0105 modlitw\u0105 o specjaln\u0105 \u0142ask\u0119 p\u0142yn\u0105c\u0105 z tego sakramentu. Kap\u0142an namaszczaj\u0105c wypowiada s\u0142owa: \u201ePrzez to \u015bwi\u0119te namaszczenie niech Pan w swoim niesko\u0144czonym mi\u0142osierdziu wspomo\u017ce ciebie \u0142ask\u0105 Ducha \u015awi\u0119tego. Amen. Pan, kt\u00f3ry odpuszcza ci grzechy, niech ci\u0119 wybawi i \u0142askawie pod\u017awignie. Amen\u201d.<\/p>\n<p>Skutki specjalnej \u0142aski sakramentu namaszczenia chorych s\u0105 nast\u0119puj\u0105ce:<\/p>\n<ul>\n<li>zjednoczenie chorego z m\u0119k\u0105 Chrystusa dla dobra chorego i ca\u0142ego Ko\u015bcio\u0142a,<\/li>\n<li>umocnienie do przyjmowania po chrze\u015bcija\u0144sku cierpie\u0144 zwi\u0105zanych z chorob\u0105 lub staro\u015bci\u0105,<\/li>\n<li>przebaczenie grzech\u00f3w, je\u015bli chory nie m\u00f3g\u0142 go otrzyma\u0107 przez sakrament pokuty,<\/li>\n<li>umacnia ufno\u015b\u0107 w Bogu, uzbraja przeciw pokusom szatana i trwodze \u015bmierci,<\/li>\n<li>powr\u00f3t do zdrowia, je\u015bli to s\u0142u\u017cy dobru duchowemu chorego,<\/li>\n<li>przygotowanie na przej\u015bcie do \u017cycia wiecznego.<\/li>\n<\/ul>\n<h3>II.\u00a0\u00a0 \u00a0Komu udziela si\u0119 Namaszczenia chorych<\/h3>\n<p style=\"text-indent: 1cm;\">Sakrament namaszczenia chorych rodzi u niekt\u00f3rych katolik\u00f3w wiele l\u0119k\u00f3w i obaw. Do\u015b\u0107 cz\u0119sto wzywaj\u0105 kap\u0142ana dopiero wtedy, gdy chory ju\u017c umar\u0142, poniewa\u017c obawiaj\u0105 si\u0119, by nie przerazi\u0107 zbytnio konaj\u0105cego propozycj\u0105 przyj\u0119cia tego sakramentu.<\/p>\n<p style=\"text-indent: 1cm;\">Namaszczenie chorych jest sakramentem cz\u0142owieka chorego, a nie zmar\u0142ego. Starajmy si\u0119 zadba\u0107 o to by nasi chorzy, kt\u00f3rzy z nami przebywaj\u0105 w domu lub s\u0105siedztwie w odpowiednim czasie, \u015bwiadomie przyj\u0119li \u0142ask\u0119 tego sakramentu.<\/p>\n<h3>III.\u00a0\u00a0 \u00a0W naszej parafii<\/h3>\n<ol>\n<li><strong>\u00a0Czas udzielania Namaszczenia Chorych:<\/strong><br \/>\nSakramentu chorych w naszej parafii udzielany jest zazwyczaj podczas odwiedzin chorych w pierwsz\u0105 sobot\u0119 miesi\u0105ca lub po uprzednim zg\u0142oszeniu takiej potrzeby do duszpasterzy.<\/li>\n<li><strong>Co przygotowa\u0107, kiedy wzywamy kap\u0142ana do chorego:<\/strong><br \/>\nPrzed przyj\u015bciem kap\u0142ana nale\u017cy przygotowa\u0107 stolik przykryty bia\u0142ym obrusem, na kt\u00f3rym stawia si\u0119 zapalone \u015bwiece, krzy\u017c, ewentualnie wod\u0119 i troch\u0119 waty. Na tak przygotowanym stoliku k\u0142adzie kap\u0142an Naj\u015bwi\u0119tszy Sakrament oraz oleje.<br \/>\nB\u0105d\u017amy wsp\u00f3lnie z naszymi chorymi podczas przyjmowania przez nich tego sakramentu.<\/li>\n<\/ol>\n","protected":false},"excerpt":{"rendered":"<p>I.\u00a0\u00a0 \u00a0O Namaszczeniu chorych \u201eChoruje kto\u015b w\u015br\u00f3d was? Niech sprowadzi kap\u0142an\u00f3w Ko\u015bcio\u0142a, by si\u0119 modlili nad nim i nama\u015bcili go olejem w imi\u0119 Pana. A modlitwa pe\u0142na wiary b\u0119dzie dla &#8230;<\/p>\n","protected":false},"author":7,"featured_media":0,"parent":150,"menu_order":5,"comment_status":"closed","ping_status":"closed","template":"","meta":[],"_links":{"self":[{"href":"http:\/\/www.mbnp.archidiecezja.wroc.pl\/index.php?rest_route=\/wp\/v2\/pages\/160"}],"collection":[{"href":"http:\/\/www.mbnp.archidiecezja.wroc.pl\/index.php?rest_route=\/wp\/v2\/pages"}],"about":[{"href":"http:\/\/www.mbnp.archidiecezja.wroc.pl\/index.php?rest_route=\/wp\/v2\/types\/page"}],"author":[{"embeddable":true,"href":"http:\/\/www.mbnp.archidiecezja.wroc.pl\/index.php?rest_route=\/wp\/v2\/users\/7"}],"replies":[{"embeddable":true,"href":"http:\/\/www.mbnp.archidiecezja.wroc.pl\/index.php?rest_route=%2Fwp%2Fv2%2Fcomments&post=160"}],"version-history":[{"count":6,"href":"http:\/\/www.mbnp.archidiecezja.wroc.pl\/index.php?rest_route=\/wp\/v2\/pages\/160\/revisions"}],"predecessor-version":[{"id":1170,"href":"http:\/\/www.mbnp.archidiecezja.wroc.pl\/index.php?rest_route=\/wp\/v2\/pages\/160\/revisions\/1170"}],"up":[{"embeddable":true,"href":"http:\/\/www.mbnp.archidiecezja.wroc.pl\/index.php?rest_route=\/wp\/v2\/pages\/150"}],"wp:attachment":[{"href":"http:\/\/www.mbnp.archidiecezja.wroc.pl\/index.php?rest_route=%2Fwp%2Fv2%2Fmedia&parent=160"}],"curies":[{"name":"wp","href":"https:\/\/api.w.org\/{rel}","templated":true}]}}