{"id":103,"date":"2015-11-21T16:53:42","date_gmt":"2015-11-21T15:53:42","guid":{"rendered":"http:\/\/serwer1527024.home.pl\/pub\/wordpress\/?page_id=103"},"modified":"2016-02-28T19:41:21","modified_gmt":"2016-02-28T18:41:21","slug":"historia-parafii","status":"publish","type":"page","link":"http:\/\/www.mbnp.archidiecezja.wroc.pl\/?page_id=103","title":{"rendered":"Historia parafii"},"content":{"rendered":"<h3 style=\"text-align: center;\"><b><a href=\"http:\/\/www.mbnp.archidiecezja.wroc.pl\/wp-content\/uploads\/2015\/11\/Historia_parafii.jpg\" rel=\"lightbox[103]\"><img decoding=\"async\" loading=\"lazy\" class=\"alignleft wp-image-1298\" src=\"http:\/\/www.mbnp.archidiecezja.wroc.pl\/wp-content\/uploads\/2015\/11\/Historia_parafii-702x1024.jpg\" alt=\"Historia_parafii\" width=\"324\" height=\"472\" srcset=\"http:\/\/www.mbnp.archidiecezja.wroc.pl\/wp-content\/uploads\/2015\/11\/Historia_parafii-702x1024.jpg 702w, http:\/\/www.mbnp.archidiecezja.wroc.pl\/wp-content\/uploads\/2015\/11\/Historia_parafii-206x300.jpg 206w, http:\/\/www.mbnp.archidiecezja.wroc.pl\/wp-content\/uploads\/2015\/11\/Historia_parafii.jpg 1035w\" sizes=\"(max-width: 324px) 100vw, 324px\" \/><\/a>Serdecznie zapraszamy do zapoznania si\u0119 z histori\u0105 parafii pw. Naj\u015bwi\u0119tszej Maryi Panny Nieustaj\u0105cej Pomocy we Wroc\u0142awiu &#8211; Muchoborze Ma\u0142ym. Prezentowane tutaj materia\u0142y obejmuj\u0105 lata 1965-2007.<br \/>\n<\/b><\/h3>\n<p>&nbsp;<\/p>\n<p style=\"text-align: justify;\">Ca\u0142\u0105 histori\u0119 parafii z wy\u0142\u0105czeniem artyku\u0142u na temat pierwszego punktu katechetycznego zaczerpni\u0119to z ksi\u0105\u017cki: <em>\u201e25\u2013lecie Parafii Matki Bo\u017cej Nieustaj\u0105cej Pomocy\u201d<\/em>, red. J. Inglot, E. Koziarzewski, W. Partyka, Wroc\u0142aw 2008, s. 26-107<\/p>\n<p style=\"font-size: small;\">(Materia\u0142y do tej cz\u0119\u015bci ksi\u0105\u017cki na podstawie kroniki parafialnej, prowadzonej przez Lucyn\u0119 Olechno, zosta\u0142y opracowane przez:<i> Anet\u0119 Cicho\u0144sk\u0105, Jana Inglota, Katarzyn\u0119 Jankowsk\u0105, Karolin\u0119 Miklus, Ann\u0119 Pszcz\u00f3\u0142kowsk\u0105, Karin\u0119 Pszcz\u00f3\u0142kowsk\u0105, Macieja Sk\u00f3rzy\u0144skiego, Wiolett\u0119 Wojtasik, <\/i><i>Anet\u0119 \u017baczek i Maksymiliana \u017baczek).<\/i><\/p>\n","protected":false},"excerpt":{"rendered":"<p>Serdecznie zapraszamy do zapoznania si\u0119 z histori\u0105 parafii pw. Naj\u015bwi\u0119tszej Maryi Panny Nieustaj\u0105cej Pomocy we Wroc\u0142awiu &#8211; Muchoborze Ma\u0142ym. Prezentowane tutaj materia\u0142y obejmuj\u0105 lata 1965-2007. &nbsp; Ca\u0142\u0105 histori\u0119 parafii z &#8230;<\/p>\n","protected":false},"author":7,"featured_media":0,"parent":73,"menu_order":5,"comment_status":"closed","ping_status":"closed","template":"","meta":[],"_links":{"self":[{"href":"http:\/\/www.mbnp.archidiecezja.wroc.pl\/index.php?rest_route=\/wp\/v2\/pages\/103"}],"collection":[{"href":"http:\/\/www.mbnp.archidiecezja.wroc.pl\/index.php?rest_route=\/wp\/v2\/pages"}],"about":[{"href":"http:\/\/www.mbnp.archidiecezja.wroc.pl\/index.php?rest_route=\/wp\/v2\/types\/page"}],"author":[{"embeddable":true,"href":"http:\/\/www.mbnp.archidiecezja.wroc.pl\/index.php?rest_route=\/wp\/v2\/users\/7"}],"replies":[{"embeddable":true,"href":"http:\/\/www.mbnp.archidiecezja.wroc.pl\/index.php?rest_route=%2Fwp%2Fv2%2Fcomments&post=103"}],"version-history":[{"count":9,"href":"http:\/\/www.mbnp.archidiecezja.wroc.pl\/index.php?rest_route=\/wp\/v2\/pages\/103\/revisions"}],"predecessor-version":[{"id":1304,"href":"http:\/\/www.mbnp.archidiecezja.wroc.pl\/index.php?rest_route=\/wp\/v2\/pages\/103\/revisions\/1304"}],"up":[{"embeddable":true,"href":"http:\/\/www.mbnp.archidiecezja.wroc.pl\/index.php?rest_route=\/wp\/v2\/pages\/73"}],"wp:attachment":[{"href":"http:\/\/www.mbnp.archidiecezja.wroc.pl\/index.php?rest_route=%2Fwp%2Fv2%2Fmedia&parent=103"}],"curies":[{"name":"wp","href":"https:\/\/api.w.org\/{rel}","templated":true}]}}